at is -36 - -1?
-35
In base 5, what is 1203 - 2?
1201
In base 10, what is 158 - -7?
165
In base 4, what is -101201 + -1?
-101202
In base 11, what is 28 + 122?
14a
In base 16, what is 15 + 9?
1e
In base 8, what is -1 + -5766?
-5767
In base 16, what is -55 + 5?
-50
In base 16, what is 2 + 164?
166
In base 11, what is -8 - -70?
63
In base 4, what is -2330 - -20?
-2310
In base 15, what is -a - 3a?
-45
In base 10, what is -347 - -1?
-346
In base 8, what is -102750 + 3?
-102745
In base 12, what is 5 + 178?
181
In base 6, what is 34303 - -3?
34310
In base 7, what is 15626 - -1?
15630
In base 12, what is b4 + -5?
ab
In base 2, what is -11010 + 101?
-10101
In base 12, what is -968 - -4?
-964
In base 16, what is -19 - -4?
-15
In base 9, what is 0 - -38?
38
In base 12, what is -5 + 88?
83
In base 4, what is 10 + -120?
-110
In base 6, what is 102 + -2?
100
In base 11, what is a66 + 3?
a69
In base 10, what is 14 - -115?
129
In base 16, what is 2 + -3?
-1
In base 12, what is -7 + 1?
-6
In base 12, what is -5 + b37?
b32
In base 10, what is -4 + -2710?
-2714
In base 7, what is -31015 - 4?
-31022
In base 4, what is -11122 + -2?
-11130
In base 9, what is -617 + -2?
-620
In base 7, what is -3 + -20?
-23
In base 11, what is 61 + -1?
60
In base 16, what is 0 + 15e?
15e
In base 3, what is 110100022 - -11?
110100110
In base 5, what is 24324 - -3?
24332
In base 15, what is -13 + 5?
-d
In base 11, what is 8 + 50?
58
In base 9, what is -104 - 1?
-105
In base 8, what is 6 - 4256?
-4250
In base 9, what is -3 - 47?
-51
In base 3, what is 1011 - -2?
1020
In base 7, what is -5 + 2061?
2053
In base 3, what is -1121 + 2102?
211
In base 9, what is 61 + -6?
54
In base 13, what is -b5 + -4?
-b9
In base 11, what is 0 + 1?
1
In base 15, what is -2 + cb?
c9
In base 6, what is -15 + -44?
-103
In base 8, what is 7 - 4352?
-4343
In base 5, what is -220 - 30?
-300
In base 16, what is 0 - -25?
25
In base 3, what is 11120210 + -1?
11120202
In base 5, what is 1310 - 3?
1302
In base 10, what is -4101 - 2?
-4103
In base 3, what is 0 + -20001?
-20001
In base 6, what is 0 - -41?
41
In base 7, what is -30 + 14?
-13
In base 11, what is -2 + 1?
-1
In base 3, what is -10 - -2100101?
2100021
In base 16, what is -4 - 134e?
-1352
In base 14, what is -57 + 3?
-54
In base 16, what is -9 - -13?
a
In base 10, what is 5 + 286?
291
In base 16, what is 20 + 18?
38
In base 7, what is -4 - -11054?
11050
In base 7, what is -416 - -2?
-414
In base 13, what is -210 + 1?
-20c
In base 6, what is -1 + -1512?
-1513
In base 4, what is 13 + -20112?
-20033
In base 6, what is -25 - -1255?
1230
In base 3, what is 2 - 1111?
-1102
In base 10, what is 35672 + 5?
35677
In base 11, what is 90 - 19?
72
In base 9, what is 1 - 21?
-20
In base 3, what is 10 - -20210?
20220
In base 16, what is -a1 + -4?
-a5
In base 14, what is 1ad + 3?
1b2
In base 10, what is 2 - -117?
119
In base 4, what is -11 - 32031?
-32102
In base 14, what is -5 + -3b1?
-3b6
In base 7, what is 254 - 12?
242
In base 8, what is 122 + -74?
26
In base 11, what is 1 + -105?
-104
In base 12, what is 6 + 25?
2b
In base 6, what is -41 - -5?
-32
In base 11, what is 0 + -1442?
-1442
In base 10, what is 3 + -507?
-504
In base 14, what is -2 + -c28?
-c2a
In base 6, what is -5 - 150?
-155
In base 16, what is -15e - -4?
-15a
In base 11, what is a2 + -2?
a0
In base 2, what is 101 + -100001?
-11100
In base 4, what is 10 - -2?
12
In base 3, what is -1111 + -2200?
-11011
In base 16, what is 0 + 43f?
43f
In base 2, what is 1001 - -10110?
11111
In base 14, what is 3 + 17a?
17d
In base 9, what is 666 + 6?
673
In base 16, what is -61 - 7?
-68
In base 11, what is a - -30?
3a
In base 14, what is -29 - -9?
-20
In base 16, what is -37 + -5?
-3c
In base 7, what is 11 - -542?
553
In base 4, what is -2102 - -1?
-2101
In base 4, what is 12100333 + 3?
12101002
In base 14, what is -c + 266?
258
In base 12, what is 5 + -b?
-6
In base 2, what is 1001111 + -11?
1001100
In base 3, what is 22010002 + 11?
22010020
In base 3, what is 122121 - 2?
122112
In base 4, what is 0 - -1201303?
1201303
In base 14, what is -2 + 120?
11c
In base 4, what is -2 + -1132032?
-1132100
In base 9, what is -73 + 321?
237
In base 6, what is 5 - 3542?
-3533
In base 2, what is -100 - 100001100?
-100010000
In base 11, what is -8 - 4?
-11
In base 15, what is 4 + 4?
8
In base 2, what is -1101110 + 1011?
-1100011
In base 8, what is 14617 + 5?
14624
In base 12, what is -2 - -14?
12
In base 16, what is -566 + -4?
-56a
In base 16, what is -1b81 + -3?
-1b84
In base 16, what is 4 - -8a?
8e
In base 13, what is 2 + -1a?
-18
In base 7, what is 0 - -6502?
6502
In base 11, what is 6 - -10?
16
In base 11, what is 10270 - 1?
1026a
In base 5, what is 1 + -4001?
-4000
In base 16, what is -8e + 2?
-8c
In base 6, what is 5 + -5?
0
In base 5, what is -31 + 0?
-31
In base 4, what is 20 + 110021?
110101
In base 12, what is 3 + -99?
-96
In base 12, what is a - 4a3?
-495
In base 10, what is -6 - -155?
149
In base 4, what is 2 - 3100?
-3032
In base 4, what is -13311 - -13?
-13232
In base 7, what is -132 + -15?
-150
In base 9, what is 5 + -17?
-12
In base 4, what is 303 - 0?
303
In base 2, what is 111 - 1110011010?
-1110010011
In base 11, what is 114 - -3?
117
In base 7, what is 502 - -5?
510
In base 5, what is -10 + 3223?
3213
In base 3, what is 1100121 - 0?
1100121
In base 2, what is 10 - -111101?
111111
In base 14, what is -7 - -17c?
175
In base 7, what is 1510 + 26?
1536
In base 7, what is -1 - -265?
264
In base 9, what is -1 - -20?
18
In base 13, what is 60 - 8?
55
In base 15, what is 11 - -b?
1c
In base 11, what is 83 + 30?
103
In base 8, what is 225 + -5?
220
In base 2, what is -10001 + -11000001?
-11010010
In base 6, what is -25 + 32?
3
In base 9, what is -875 - 5?
-881
In base 16, what is cb - 4?
c7
In base 3, what is -212102221 + 1?
-212102220
In base 7, what is 143 - -26?
202
In base 7, what is -201 + 4?
-164
In base 13, what is -1 - -90?
8c
In base 7, what is -15 + 10?
-5
In base 10, what is -6 + 219?
213
In base 6, what is 1550 + -3?
1543
In base 14, what is -9715 - 2?
-9717
In base 4, what is 13233 + 21?
13320
In base 12, what is 147 + b1?
238
In base 2, what is 101 - -11010000?
11010101
In base 16, what is 2 + -27?
-25
In base 16, what is -9 + -3?
-c
In base 8, what is -574 + -23?
-617
In base 5, what is -11 - 1021?
-1032
In base 4, what is 2331 - -333?
3330
In base 11, what is -48 - 4?
-51
In base 3, what is -2 - -10?
1
In base 16, what is 5 - da?
-d5
In base 10, what is 1 - 317?
-316
In base 16, what is dd33 - -4?
dd37
In base 8, what is 1132 + -5?
1125
In base 12, what is 11 + -90?
-7b
In base 7, what is 6 - 5?
1
In base 2, what is 11011111000 + 1?
11011111001
In base 16, what is bb + -12?
a9
In base 3, what is -12 - -2121011?
2120222
In base 14, what is 5 - 9?
-4
In base 16, what is -693 - -4?
-68f
In base 10, what is 154 - 3?
151
In base 4, what is -3 - 112?
-121
In base 6, what is 2545 + 3?
2552
In base 5, what is -10 + -221?
-231
In base 2, what is 110011011 + -11?
110011000
In base 6, what is 21 + -4?
13
In base 12, what is -19 - 38?
-55
In base 12, what is 3 - -2525?
2528
In base 10, what is 5 + 33?
38
In base 10, what is -4 - -57?
53
In base 6, what is -3 + 10?
3
In base 16, what is -b + -19f?
-1aa
In base 4, what is 1203 + 210?
2013
In base 8, what is 0 - -360?
360
In base 5, what is 142 + -3?
134
In base 4, what is -10201 - 13?
-10220
In base 4, what is -1123233 - 0?
-1123233
In base 14, what is 61 + -5?
5a
In base 7, what is -3 - -5125?
5122
In base 16, what is -291 + 5?
-28c
In base 3, what is 1021 + 120?
1211
In base 15, what is 29a9 + -4?
29a5
In base 12, what is 2 + 54?
56
In base 5, what is 2 - 1320?
-1313
In base 11, what is -3 + 3a?
37
In base 13, what is 3 + 50?
53
In base 6, what is 1430 + -5?
1421
In base 10, what is -4 + -154?
-158
In base 2, what is 10000010 - -1001111?
11010001
In base 12, what is -4a + 7?
-43
In base 3, what is -2 - -11?
2
In base 16, what is 6b38 + -5?
6b33
In base 11, what is a3 - 2?
a1
In base 10, what is 0 - -307?
307
In base 15, what is -55 - -84?
2e
In base 2, what is 1101000111 - 101?
1101000010
In base 14, what is -31 - -d?
-22
In base 2, what is 1010 + 1111?
11001
In base 7, what is -5 + 2052?
2044
In base 6, what is 1 + 30?
31
In base 12, what is -3b1 - -3?
-3aa
In base 15